*q - 2. Let d be (91/52)/(2*1/8). What is the units digit of h(d)?
4
Let t = 917 - 440. What is the tens digit of t?
7
Suppose 8 - 86 = -3*b. Suppose -56 = 2*s - 0*s + r, b = -s - r. Let p = 34 + s. What is the units digit of p?
4
Suppose -79*q + 236881 + 150851 = 0. What is the thousands digit of q?
4
Let s(v) = v**3 + 2*v**2 - 11*v + 46. What is the hundreds digit of s(6)?
2
Let u be (-51)/(-2)*32/12. Suppose -2*d + 304 = 2*d - 4*t, -d = t - u. Suppose -d - 32 = -4*x. What is the tens digit of x?
2
Let y(m) = -40*m + 3. Let f be y(-4). Suppose -5*n = 4*u - f, 2*u + 5*n = -3*u + 205. What is the tens digit of u?
4
Let c(n) = 29*n**2 + 20*n + 10. What is the hundreds digit of c(-10)?
7
Let m = -10 + 14. Suppose l = -2*b - 19 - 15, -m*l - 96 = -2*b. Let w = 62 + l. What is the tens digit of w?
3
Let t be (-2)/5 + (-3632)/20. Let o = 288 + t. What is the hundreds digit of o?
1
Let j(s) = s**3 - 14*s**2 + 14*s - 14. Suppose -4*g - 7 = 2*r - 41, -5*r + 71 = 3*g. Let v be j(r). What is the tens digit of (10/25)/(v/(-35))?
1
Let m = 1024 - -534. What is the units digit of m?
8
Let r(s) = s + 11. Suppose 0 = 3*z - 0 + 24. Let x = z + 0. What is the units digit of r(x)?
3
Let c(m) = 7*m**2 - 1. Suppose -16 = -s + 3*w, 14 = -s - 0*w - 3*w. Let a be c(s). Let i(x) = -x**2 + 6*x + 2. What is the units digit of i(a)?
2
Suppose 0 = -2*m - 3*m + 20. Let u = 4 + m. Suppose -4 = -3*f + u. What is the units digit of f?
4
Let m(y) = 30*y**2 - 4*y - 3. Let v(o) = o**2 - 11*o - 28. Let c be v(13). What is the hundreds digit of m(c)?
1
Let q be (-1)/(((-4)/12)/(-1)). What is the tens digit of -1 + 2 + -34*(q + 2)?
3
Let c(j) = -j**2 + 1. Let b be c(1). Suppose 0*m + 5*m = -3*i + 4, 0 = 4*m + 4*i. Suppose -3*k - 12 = b, -m*z + z = 3*k - 35. What is the units digit of z?
7
Suppose -264*h = -259*h - 345. What is the tens digit of h?
6
Suppose -5*o - n = -126, -3*o + 2*n + 74 = -12. What is the tens digit of 1642/o - 2/13?
6
Let z(r) = 11*r**2 + 5*r - 1. Let s(y) = 21*y**2 + 10*y - 1. Let b(k) = -4*s(k) + 9*z(k). What is the tens digit of b(2)?
6
Let f be 1/4 - (5 - (-748)/(-16)). Let t = 270 + f. What is the hundreds digit of t?
3
Let h(n) = -3*n**2 + 74*n - 44. Let t be h(24). Let c be (2/2)/2*4. What is the tens digit of (66/t)/(c/4)?
3
Suppose 3*l = 2*l. Suppose l = -3*p - p. Let z(a) = -a**2 + 27. What is the units digit of z(p)?
7
Let t be (6/(-18))/((-3)/18). What is the units digit of 53/2 - t/4?
6
Suppose n = -n. Let g(s) = 5 + s**2 + s + s**3 + n*s - s**2. What is the units digit of g(0)?
5
Let l(p) = 2*p**3 - 5*p**2 - 79*p + 21. What is the hundreds digit of l(12)?
8
Suppose -3*o = -8*o + 15. Suppose -29 = -4*s + 5*k, -o*s - k = -2*k - 8. What is the tens digit of s/(-4) + (-788)/(-16)?
4
Let n be -3*4/(-18) - (-69)/(-9). What is the hundreds digit of (-22)/14 - (-3)/n - -156?
1
Let o(l) = 6*l**2 + 2*l + 108. What is the tens digit of o(-11)?
1
Let g = 3 - 31. What is the units digit of 9/((-31)/g - (-3)/(-3))?
4
Let k be (-40)/(-3 + (1 - 0)). Suppose 15*z + 775 = k*z. What is the tens digit of z?
5
Suppose -9*r + 1795 = -230. What is the hundreds digit of r?
2
Suppose -2*x + 6*x - 4*p = 2232, 2268 = 4*x + 5*p. Let k = -313 + x. What is the tens digit of k?
4
Let k(p) = 2*p**2 + 11*p + 6. Suppose f = -17 + 9. What is the units digit of k(f)?
6
Let t(r) = 5*r**2 - 7 - r**3 - 8 + r + 14. Let l be t(5). Suppose -1 - 3 = -z, -l*z = 3*n - 64. What is the units digit of n?
6
Let y(s) = 3*s**3 - 5*s**2 + s - 3. Let h be y(4). Let d = h - 68. What is the tens digit of d?
4
Suppose -a + 4*p = 2*p - 3678, -3*p = 9. What is the thousands digit of a?
3
Suppose -2*d + z - 2 = -z, 4*d - 3*z + 3 = 0. What is the tens digit of (1 - (d + 3))*292/(-2)?
9
Let g be 26 + -26 + 78/2. Let k = g - 28. What is the units digit of k?
1
Suppose 0 = 4*h + 20, 5*h + 4099 = -3*b + 6*b. What is the tens digit of b?
5
Let y(r) = 40*r**2 - 9*r + 132. What is the hundreds digit of y(9)?
2
Let h(g) = -g**2 + 12*g + 16. Let x be (-67)/(-5) + (-26)/65. Let t be h(x). Suppose 0 = i - 8 - t. What is the units digit of i?
1
Let f = 1646 - 977. What is the tens digit of f?
6
Let m = -53 + 56. Suppose -i = 4*o - 83, -m*o + 5*i + 45 = -0*i. What is the units digit of o?
0
Let a be -6*(-40)/15*1. Let n = a - 13. Suppose n*x - 7*x + 164 = 0. What is the units digit of x?
1
Suppose 3*h - 3*l + 3 = 0, -5*h + 3*l = -0 - 3. Let m(s) = h + 4 + 58*s**3 + 14*s**2 - 59*s**3 + s + 2. What is the units digit of m(14)?
3
Let q(n) = 2*n - 29. Let w be q(14). What is the units digit of -2 + 49 - (-2 + w)?
0
Let d be 3/(-4) - 55/(-20). Suppose 3*b - 56 = -4*o - 13, 5*o - d*b = 71. What is the units digit of o?
3
Let n(k) = 4*k**2 + 19*k - 54. What is the hundreds digit of n(14)?
9
Let r(b) be the first derivative of b**4/4 - 2*b**3/3 - 11*b**2/2 + 9*b + 7. What is the units digit of r(6)?
7
Suppose 2*o = -8, 4*b - 1656 = 5*o - 3*o. What is the tens digit of b?
1
Suppose -16*x = -12*x - 1776. What is the units digit of x?
4
Let p(w) = -3*w**2 + w. Let i be p(1). Let m(q) = 2195 - 4398 + 2*q + 2206 + 5*q**2. What is the units digit of m(i)?
9
Suppose 28*w = 21*w + 1575. What is the tens digit of w?
2
Let f be (-8)/(-8 + 4) - -2. Suppose 214 = f*a - 46. What is the tens digit of a?
6
Let m(y) = 2*y**3 + 4*y**2 + 2*y + 2. Let n be m(-4). Let w be (-250)/n - 6/(-14). Suppose 0 = -3*k, 5*u - 141 = k + w. What is the tens digit of u?
2
Suppose -61 = 2*s + 3*m, 3*s + 3*m + 109 = 16. Suppose -2*b + 54 = -b. Let i = b + s. What is the units digit of i?
2
Let g = -106 - -101. Let r(c) = 4*c + 22. What is the units digit of r(g)?
2
Let v(s) = -73*s + 23. Let k(l) = 109*l - 32. Let j(p) = -5*k(p) - 7*v(p). Let a = -6 + 4. What is the units digit of j(a)?
7
Suppose -q - 4 = -7. Suppose q*l - 9 = 0, 2*t - l + 103 = 3*t. What is the tens digit of t?
0
Suppose -3*v - 759 = -r, 5*v = -3*r + 1413 + 920. What is the units digit of r?
1
Let r(o) = 6*o**2 + 8*o - 1. Let z = 36 - 41. What is the hundreds digit of r(z)?
1
Let s be (-6)/(-8)*(-1 + 9). Suppose -5*p - s = 4. What is the tens digit of (38/4)/(p/(-8))?
3
Let h = 8 + -4. Suppose 16*w + 20*w - 108 = 0. Suppose w*b + 3 = c, -2*b + b - 45 = -h*c. What is the tens digit of c?
1
Let g = 8 + 283. What is the units digit of g?
1
Let t(x) = 68*x**2 - 49*x + 246. What is the thousands digit of t(5)?
1
Let i(q) = -13*q + 16 + 2*q**3 + 2*q**2 - 3*q**3 + 15*q - 8*q**2. What is the tens digit of i(-7)?
5
Let v(p) = -25*p - 66. What is the units digit of v(-28)?
4
Suppose 0*z + 4*z + 100 = 0. What is the units digit of 8/(-20) + 5/(z/(-132))?
6
Let y(i) = i**2 + 3*i - 1. Let k be y(-4). Suppose -k*a - 3*v = a + 3, -5 = v. Suppose o - a - 15 = 0. What is the tens digit of o?
1
What is the tens digit of 1/6 - 97685/(-42)?
2
What is the hundreds digit of 966 - 4 - 4/(-8)*-4?
9
Let l(v) be the third derivative of v**6/120 - v**5/60 + v**4/6 - 5*v**3/6 + 2*v**2. What is the tens digit of l(4)?
5
Suppose -3*o + 0*o = -0*o. Suppose o = 2*n - s - 23 - 142, 3*s = 3*n - 246. What is the units digit of n?
3
Suppose 5*l - 9 = -4*s, -2*s = 5*l + 2 + 1. Let j be 4/6 + s/(-9). Suppose -4*b - 85 = -2*q - b, -5*q - 3*b + 160 = j. What is the units digit of q?
5
Suppose -44*f = -42*f - 4*z - 4096, -4*f - 2*z + 8212 = 0. What is the tens digit of f?
5
Let o be 17600/15 - 5/15. Suppose -3*j + 693 = 3*t, -3*t - 4*j - o = -8*t. What is the hundreds digit of t?
2
Let l = -3 - 0. Let a be 2/(-2)*(-2 + l). Suppose a*d + 0*d = 160. What is the tens digit of d?
3
Let m(v) = -65*v - 3. Let c be m(11). What is the hundreds digit of 10/(-20) + c/(-8)*2?
1
Let p be (1 - 37) + (-2 - -2). Let u = 532 + -628. What is the tens digit of (0 - -6)*u/p?
1
What is the tens digit of 124/((-64)/(-110) + (-14)/77)?
1
Let w(g) = 4*g**2 - 5*g + 3. Let o be w(5). Suppose -2*s + 2*h = 6*h + 36, 4*s = -5*h - o. What is the units digit of 0 + (-11)/(s/12)?
6
Let o(r) = 0*r - 7*r - r - 2*r + 5. What is the tens digit of o(-9)?
9
Let r be -19 - (-1)/(-1) - (1 + 0). Let t = r - -58. What is the tens digit of t?
3
Let g = -522 - -370. Let j = -81 - g. Suppose -3*n = -j - 7. What is the units digit of n?
6
Suppose -q = 4*q + 45. Let d be 2*(q/(-2) + -3). Suppose -y = 1 - d. What is the units digit of y?
2
Suppose 0 = 27*f - 1233 - 1602. Wha